mber?
True
Is 34016861567 composite?
True
Is 103679434 composite?
True
Is 119156189 a composite number?
False
Is 21071432731 a prime number?
False
Is 16141114259 a prime number?
True
Is 1096023919 composite?
False
Is 111162523463 composite?
True
Is 306440219 composite?
True
Is 22744982059 composite?
False
Is 2424109631 a composite number?
False
Is 145889167973 composite?
False
Is 1380290609 a prime number?
True
Is 159634940123 prime?
True
Is 80117328469 composite?
False
Is 18432284281 composite?
True
Is 79401641 prime?
False
Is 5572722353 a composite number?
True
Is 88095416039 prime?
True
Is 791478827 a composite number?
False
Is 300696269561 prime?
False
Is 29827226311 a composite number?
True
Is 776507341 prime?
False
Is 626328953 a prime number?
True
Is 9398851339 a prime number?
True
Is 172416690157 a composite number?
False
Is 12373141567 a composite number?
False
Is 1635780629 prime?
False
Is 14048928589 a composite number?
False
Is 28792930193 prime?
False
Is 5353876591 a prime number?
False
Is 263236231 composite?
True
Is 1858870709 prime?
False
Is 24773748313 a prime number?
True
Is 326572392511 composite?
False
Is 1079579597 a prime number?
True
Is 4432719163 prime?
True
Is 2111654527 a prime number?
False
Is 147932484389 a composite number?
True
Is 11797730129 composite?
False
Is 8092024099 a composite number?
False
Is 36247579783 a prime number?
False
Is 90749060447 a composite number?
False
Is 1324345235 prime?
False
Is 1457996069 a prime number?
False
Is 193613108393 composite?
False
Is 510153803 a prime number?
False
Is 44432078027 composite?
False
Is 189553813 prime?
True
Is 1986421029 composite?
True
Is 555288389 a composite number?
False
Is 1068639283 a composite number?
False
Is 84111127877 a prime number?
False
Is 147285989 prime?
False
Is 1213881337 prime?
True
Is 89414929 prime?
False
Is 1275663437 composite?
True
Is 527356699 a prime number?
False
Is 2161128293 a prime number?
True
Is 5187105269 a prime number?
True
Is 34364171 prime?
True
Is 34782975505 prime?
False
Is 1992295781 prime?
False
Is 3297249805 composite?
True
Is 401704117 prime?
True
Is 220985315 a composite number?
True
Is 186128774743 prime?
False
Is 29364964301 a prime number?
True
Is 5316824822 composite?
True
Is 15886887529 composite?
True
Is 5662936133 a prime number?
True
Is 299875073 a composite number?
True
Is 26111193439 prime?
True
Is 2040990511 composite?
True
Is 3681183169 prime?
False
Is 16781522429 composite?
True
Is 830614721 composite?
True
Is 3264674281 a prime number?
False
Is 184641469 prime?
False
Is 5409316261 prime?
False
Is 35119577327 a composite number?
True
Is 251696117 prime?
True
Is 1087981751 a composite number?
False
Is 2986720249 composite?
True
Is 17083146229 composite?
True
Is 540723097 a prime number?
False
Is 742347899 a composite number?
True
Is 189358398767 composite?
False
Is 31185185851 prime?
True
Is 5769390667 composite?
True
Is 1008016489 a composite number?
True
Is 30373243 prime?
True
Is 13499000953 a prime number?
False
Is 26748739181 composite?
True
Is 459724861 a prime number?
True
Is 22560499063 a prime number?
True
Is 37985332613 a prime number?
False
Is 584691703 composite?
True
Is 149376342253 prime?
False
Is 6742862311 a composite number?
True
Is 32598209219 a prime number?
False
Is 48254126101 prime?
True
Is 129658172341 composite?
True
Is 727240249 a composite number?
False
Is 1287124819 a prime number?
True
Is 812101009 composite?
False
Is 679098799 a prime number?
True
Is 178555661 a prime number?
True
Is 1124762439 composite?
True
Is 646783847 prime?
True
Is 908939597 a prime number?
True
Is 50175734209 a prime number?
False
Is 28826396059 a prime number?
True
Is 5070647831 a prime number?
True
Is 57721078579 a prime number?
False
Is 44666490259 prime?
True
Is 88288999 a composite number?
True
Is 7109946397 a prime number?
False
Is 60779671 composite?
True
Is 580567063 prime?
True
Is 19395541049 composite?
True
Is 247283479 a composite number?
True
Is 2567346827 a prime number?
False
Is 25667918747 a composite number?
True
Is 936324637 composite?
True
Is 14989304851 prime?
True
Is 13559055365 a composite number?
True
Is 1914620231 composite?
False
Is 908524663 a prime number?
False
Is 113191179589 a composite number?
False
Is 16088685017 composite?
True
Is 1024162877 composite?
False
Is 104975993041 prime?
False
Is 63356389 a prime number?
True
Is 26016772438 a composite number?
True
Is 54434456927 composite?
True
Is 203056627 a composite number?
True
Is 8521037587 a composite number?
False
Is 3686612563 a composite number?
False
Is 3210628679 a prime number?
True
Is 6567841883 a composite number?
True
Is 168225899 composite?
True
Is 171744649 prime?
False
Is 4922016019 prime?
True
Is 253711357 composite?
True
Is 4874932603 prime?
True
Is 5856927343 prime?
True
Is 86219320661 composite?
False
Is 60332801 composite?
False
Is 152017469 composite?
True
Is 269422331 composite?
False
Is 3951883303 a composite number?
False
Is 94545325361 composite?
False
Is 6187971901 composite?
True
Is 142316528521 composite?
False
Is 56865023 a composite number?
False
Is 89746506191 prime?
False
Is 6197978377 a prime number?
True
Is 130305232139 a composite number?
False
Is 355405837 a prime number?
False
Is 243429895 composite?
True
Is 325900801 a prime number?
True
Is 346715357 composite?
True
Is 5019232501 composite?
False
Is 13252046477 composite?
True
Is 18528281 prime?
True
Is 498198893 prime?
False
Is 7173328577 a prime number?
False
Is 419966947511 a prime number?
False
Is 12482634007 composite?
True
Is 30422134357 prime?
False
Is 1007638573 a prime number?
True
Is 34636541141 a composite number?
False
Is 579825151 a composite number?
False
Is 1007227439 a composite number?
True
Is 1099543651 a prime number?
False
Is 197148412777 prime?
False
Is 47500901 composite?
True
Is 2802649309 prime?
True
Is 3937102597 a composite number?
False
Is 18281048917 a composite number?
False
Is 3074949167 a prime number?
True
Is 7608045469 a composite number?
True
Is 2802202043 prime?
True
Is 435886799 composite?
False
Is 3037077245 prime?
False
Is 2078046797 prime?
False
Is 33403367053 prime?
False
Is 43135670939 prime?
False
Is 20035899721 a composite number?
True
Is 5206145969 a prime number?
True
Is 32529346699 a prime number?
False
Is 26165592697 composite?
True
Is 25292752553 prime?
False
Is 48590303 composite?
True
Is 33253224611 composite?
False
Is 1154184227 a prime number?
False
Is 1859632798 a composite number?
True
Is 221608579 a prime number?
False
Is 43844204993 a composite number?
False
Is 4382797981 prime?
True
Is 8963245289 prime?
True
Is 14600616853 a composite number?
True
Is 74240641 a composite number?
False
Is 16926484513 a prime number?
True
Is 1992863783 a prime number?
True
Is 4534480003 composite?
True
Is 1231657543 composite?
False
Is 111856896313 prime?
False
Is 40525573579 a prime number?
False
Is 5707623067 prime?
True
Is 1799510529 composite?
True
Is 10408199245 prime?
False
Is 7798399363 a composite number?
True
Is 10650741461 a prime number?
False
Is 833755641 composite?
True
Is 1878414791 a composite number?
True
Is 45776939459 composite?
True
Is 169946551183 prime?
True
Is 251682713 a prime number?
False
Is 2056904753 a composite number?
True
Is 208060183 composite?
False
Is 746251043 a prime number?
True
Is 1433597447 prime?
False
Is 53177039137 composite?
False
Is 8924319623 a composite number?
False
Is 723564502 composite?
True
Is 6821355649 a prime number?
True
Is 554560393 a composite number?
True
Is 391988407927 a composite number?
False
Is 12272829407 composite?
True
Is 34167231589 a prime number?
False
Is 25320072989 prime?
False
Is 16220839507 composite?
True
Is 1714396903 a composite number?
True
Is 344095737 a composite number?
True
Is 3605246173 a composite number?
False
Is 16610978369 a composite number?
True
Is 760810643 a prime number?
True
Is 29532169 composite?
True
Is 374848031 a composite number?
False
Is 1888887529 prime?
True
Is 634399349 composite?
True
Is 7612083767 a composite number?
False
Is 51588487705 a prime number?
False
Is 35148787783 composite?
True
Is 329499953 a composite number?
False
Is 1161803911 a composite number?
False
Is 187189441 a composite numbe